4398 is divided by 3406.
86
What is the remainder when 4033715 is divided by 627?
224
Calculate the remainder when 182477 is divided by 22781.
229
Calculate the remainder when 77153 is divided by 18473.
3261
What is the remainder when 2984423 is divided by 617?
611
Calculate the remainder when 46112510 is divided by 15370831.
17
What is the remainder when 21197079 is divided by 706569?
9
What is the remainder when 94563 is divided by 9981?
4734
Calculate the remainder when 297036852 is divided by 69.
63
Calculate the remainder when 28475 is divided by 14191.
93
Calculate the remainder when 17454878 is divided by 5818278.
44
Calculate the remainder when 3808388 is divided by 50.
38
What is the remainder when 4009910 is divided by 37?
35
What is the remainder when 1088918 is divided by 165?
83
Calculate the remainder when 445545 is divided by 5678.
2661
Calculate the remainder when 457092 is divided by 114258.
60
Calculate the remainder when 183975 is divided by 56.
15
Calculate the remainder when 713 is divided by 143.
141
Calculate the remainder when 692091 is divided by 546.
309
Calculate the remainder when 5779010 is divided by 984.
962
Calculate the remainder when 23695914 is divided by 7898637.
3
Calculate the remainder when 2013767 is divided by 299.
2
Calculate the remainder when 473469 is divided by 18467.
11794
What is the remainder when 2451333 is divided by 18157?
138
Calculate the remainder when 11124 is divided by 905.
264
Calculate the remainder when 375278 is divided by 5601.
11
What is the remainder when 1416299 is divided by 6088?
3883
What is the remainder when 4655592 is divided by 17179?
83
What is the remainder when 23206 is divided by 399?
64
What is the remainder when 11910792 is divided by 30619?
1
Calculate the remainder when 1588213 is divided by 695.
138
Calculate the remainder when 344429 is divided by 214.
103
Calculate the remainder when 152843 is divided by 70.
33
What is the remainder when 16180339 is divided by 759?
736
Calculate the remainder when 387805 is divided by 32315.
25
Calculate the remainder when 5977 is divided by 4203.
1774
Calculate the remainder when 2180660 is divided by 726821.
197
What is the remainder when 60027020 is divided by 3704?
3700
Calculate the remainder when 45182008 is divided by 15060667.
7
What is the remainder when 108408 is divided by 869?
652
What is the remainder when 626835095 is divided by 1498?
1489
Calculate the remainder when 165073 is divided by 1103.
726
What is the remainder when 811650 is divided by 13756?
46
Calculate the remainder when 111397703 is divided by 37132558.
29
What is the remainder when 34568050 is divided by 18165?
55
Calculate the remainder when 14202731 is divided by 676320.
11
What is the remainder when 4228878 is divided by 662?
22
Calculate the remainder when 11186900 is divided by 860.
20
Calculate the remainder when 3868687 is divided by 31710.
67
Calculate the remainder when 2138390 is divided by 6.
2
What is the remainder when 178550 is divided by 29735?
140
What is the remainder when 329905 is divided by 769?
4
Calculate the remainder when 28457339 is divided by 756.
743
What is the remainder when 16258 is divided by 2271?
361
What is the remainder when 45376134 is divided by 4223?
4222
Calculate the remainder when 1756601 is divided by 24740.
61
What is the remainder when 1826918 is divided by 23422?
2
Calculate the remainder when 223099418 is divided by 653.
9
Calculate the remainder when 1136976 is divided by 107.
101
What is the remainder when 203038118 is divided by 255073?
10
Calculate the remainder when 176715 is divided by 29016.
2619
Calculate the remainder when 7480406 is divided by 2732.
190
What is the remainder when 121642 is divided by 60216?
1210
What is the remainder when 1204153886 is divided by 32?
30
Calculate the remainder when 785408 is divided by 158.
148
Calculate the remainder when 28720 is divided by 14357.
6
Calculate the remainder when 286900 is divided by 143450.
0
What is the remainder when 575632 is divided by 78?
70
Calculate the remainder when 4747078 is divided by 2373506.
66
Calculate the remainder when 3801032 is divided by 1900505.
22
What is the remainder when 520863 is divided by 144?
15
What is the remainder when 1291219978 is divided by 268?
266
Calculate the remainder when 7417758 is divided by 6265.
6263
What is the remainder when 1011763 is divided by 168616?
67
What is the remainder when 4904088 is divided by 406?
14
Calculate the remainder when 147570357 is divided by 392.
389
Calculate the remainder when 32381 is divided by 373.
303
What is the remainder when 452935 is divided by 56594?
183
What is the remainder when 5621941 is divided by 1791?
1783
What is the remainder when 1408816 is divided by 927?
703
What is the remainder when 488940 is divided by 699?
339
Calculate the remainder when 64091 is divided by 1166.
1127
Calculate the remainder when 2662838 is divided by 665695.
58
Calculate the remainder when 57950 is divided by 106.
74
What is the remainder when 3518178 is divided by 1181?
1160
What is the remainder when 113931 is divided by 19?
7
Calculate the remainder when 52162 is divided by 2089.
2026
What is the remainder when 28882396 is divided by 53?
46
What is the remainder when 15817565 is divided by 6472?
6469
What is the remainder when 3265390 is divided by 65?
50
What is the remainder when 8078380 is divided by 193?
172
Calculate the remainder when 76511 is divided by 4850.
3761
Calculate the remainder when 38413 is divided by 74.
7
Calculate the remainder when 1583871 is divided by 4449.
27
What is the remainder when 182848 is divided by 163?
125
What is the remainder when 96892 is divided by 46111?
4670
What is the remainder when 187200 is divided by 93559?
82
Calculate the remainder when 1189474 is divided by 11011.
286
What is the remainder when 50874 is divided by 914?
604
Calculate the remainder when 5224851 is divided by 178.
17
Calculate the remainder when 2124552 is divided by 16992.
552
Calculate the remainder when 2097898 is divided by 3520.
3498
What is the remainder when 2851508 is divided by 1425667?
174
What is the remainder when 50426009 is divided by 54?
53
Calculate the remainder when 15353003 is divided by 2727.
2720
Calculate the remainder when 50215415 is divided by 24.
23
Calculate the remainder when 106686 is divided by 8884.
78
What is the remainder when 26320507 is divided by 6580123?
15
Calculate the remainder when 4477016 is divided by 500.
16
Calculate the remainder when 7023769 is divided by 18.
7
Calculate the remainder when 69131706 is divided by 30.
6
Calculate the remainder when 31622516 is divided by 465037.
0
Calculate the remainder when 181537 is divided by 2300.
2137
Calculate the remainder when 16993604 is divided by 361566.
2
What is the remainder when 1368343 is divided by 2249?
951
What is the remainder when 192589 is divided by 5234?
4165
Calculate the remainder when 7815362 is divided by 1033.
717
What is the remainder when 44220814 is divided by 791?
750
What is the remainder when 628273 is divided by 16092?
685
Calculate the remainder when 59859 is divided by 6963.
4155
What is the remainder when 16062341 is divided by 4?
1
What is the remainder when 536050 is divided by 198?
64
What is the remainder when 1993722 is divided by 249054?
1290
What is the remainder when 8033010 is divided by 5271?
6
Calculate the remainder when 16382298 is divided by 36.
30
What is the remainder when 44213402 is divided by 44302?
6
Calculate the remainder when 7650 is divided by 212.
18
What is the remainder when 1342270 is divided by 58357?
59
Calculate the remainder when 4564232 is divided by 8209.
28
What is the remainder when 12217 is divided by 1676?
485
What is the remainder when 184291 is divided by 6141?
61
What is the remainder when 9135497 is divided by 125?
122
What is the remainder when 112630 is divided by 53?
5
What is the remainder when 685735 is divided by 3281?
6
Calculate the remainder when 851869 is divided by 126.
109
Calculate the remainder when 396449 is divided by 395993.
456
Calculate the remainder when 676374 is divided by 756.
510
What is the remainder when 2750143 is divided by 687398?
551
Calculate the remainder when 96049 is 